posite?
False
Is 13012589 composite?
False
Is 9839227 composite?
False
Is 1574269 prime?
True
Is 99888359 composite?
False
Is 554095397 prime?
False
Is 16628849 composite?
True
Is 61916129 prime?
False
Is 3252191 a composite number?
False
Is 814856693 prime?
False
Is 909173 composite?
False
Is 4878703 a composite number?
True
Is 9917399 a prime number?
True
Is 1091905 a composite number?
True
Is 68090399 a composite number?
True
Is 2149397 composite?
True
Is 35081989 a prime number?
False
Is 1213811 prime?
False
Is 1003711 a composite number?
False
Is 3658297 composite?
False
Is 123928081 prime?
True
Is 38012173 a composite number?
False
Is 66334393 prime?
True
Is 96573871 a composite number?
False
Is 577107593 composite?
True
Is 454861361 prime?
True
Is 5728793 composite?
True
Is 2405239 composite?
False
Is 594026803 prime?
True
Is 3933811 a prime number?
False
Is 11259407 a composite number?
False
Is 11678039 a composite number?
True
Is 66616789 a composite number?
True
Is 1106573 a prime number?
False
Is 69377173 prime?
True
Is 1022761 composite?
False
Is 2946073 prime?
False
Is 57199903 prime?
True
Is 1887103 composite?
False
Is 20823409 a composite number?
False
Is 28437347 prime?
True
Is 2612921 a composite number?
False
Is 420911 composite?
True
Is 1373417 composite?
False
Is 657779 composite?
False
Is 902790071 a composite number?
False
Is 651611 prime?
False
Is 470502779 a prime number?
False
Is 4996157 a prime number?
False
Is 42393711 a composite number?
True
Is 40797989 a prime number?
False
Is 27889879 a composite number?
False
Is 53611087 a prime number?
False
Is 77617534 prime?
False
Is 526154 a composite number?
True
Is 2204929 a composite number?
False
Is 5861165 a composite number?
True
Is 290848451 composite?
True
Is 14978641 a composite number?
True
Is 85379453 a composite number?
True
Is 494547451 a prime number?
True
Is 106328545 a prime number?
False
Is 32662723 a prime number?
True
Is 5536411 prime?
False
Is 275668259 a prime number?
True
Is 3152782 prime?
False
Is 21208547 a prime number?
True
Is 17834537 prime?
False
Is 13272513 a composite number?
True
Is 338793445 a prime number?
False
Is 44306837 prime?
True
Is 44619065 prime?
False
Is 38948999 a composite number?
False
Is 207227 a prime number?
True
Is 513829 a prime number?
True
Is 16425518 composite?
True
Is 15925886 prime?
False
Is 2200502131 composite?
False
Is 1139093 prime?
False
Is 1246841 a composite number?
False
Is 2872717 a prime number?
False
Is 75203 a prime number?
False
Is 1284277 prime?
False
Is 2068741 prime?
True
Is 22963187 prime?
False
Is 19025501 a composite number?
True
Is 1295569 prime?
False
Is 333285335 prime?
False
Is 1022837 a composite number?
False
Is 12647477 composite?
False
Is 33265423 a prime number?
True
Is 183411461 composite?
False
Is 49434919 a prime number?
True
Is 8371999 a prime number?
True
Is 483498497 prime?
False
Is 409099 prime?
True
Is 3999119 prime?
False
Is 73121 a composite number?
False
Is 2543059 composite?
False
Is 2302826 prime?
False
Is 840613 prime?
False
Is 576869 a prime number?
False
Is 15485471 a prime number?
True
Is 216306395 prime?
False
Is 66844847 a prime number?
True
Is 9003487 prime?
True
Is 191959753 a prime number?
False
Is 6224081 a composite number?
False
Is 483029 prime?
False
Is 15552281 composite?
False
Is 102576603 composite?
True
Is 3643139 prime?
True
Is 38737379 prime?
False
Is 47961443 a prime number?
True
Is 1702709 prime?
True
Is 13245077 composite?
False
Is 705841 a composite number?
False
Is 13997909 a composite number?
False
Is 340957 a prime number?
True
Is 75569939 prime?
False
Is 1339567 prime?
True
Is 16013761 prime?
False
Is 6192187 a composite number?
False
Is 4445953 composite?
False
Is 166897139 a composite number?
True
Is 2415757 prime?
False
Is 6141173 prime?
True
Is 7176013 prime?
False
Is 8381183 a prime number?
True
Is 534201 composite?
True
Is 37249007 a prime number?
True
Is 97135063 a composite number?
True
Is 68549531 prime?
False
Is 4433807 a prime number?
False
Is 1060889 a composite number?
True
Is 7124891 composite?
False
Is 86985943 composite?
True
Is 89596501 composite?
False
Is 772841255 prime?
False
Is 26747797 prime?
True
Is 1003427 a composite number?
True
Is 6574553 prime?
False
Is 429659 a composite number?
False
Is 399055 prime?
False
Is 95894473 a composite number?
True
Is 828241 a composite number?
True
Is 53663221 composite?
False
Is 8382043 a prime number?
False
Is 1933105 a prime number?
False
Is 112189951 a prime number?
False
Is 120608099 prime?
True
Is 5534405 a composite number?
True
Is 19470863 a composite number?
False
Is 18735637 composite?
False
Is 81757289 a prime number?
False
Is 3092659 prime?
False
Is 265238 composite?
True
Is 7885547 prime?
True
Is 740121 prime?
False
Is 321790877 a prime number?
True
Is 62120369 a prime number?
False
Is 62343079 a composite number?
True
Is 750216131 a prime number?
False
Is 859249 composite?
False
Is 8842103 composite?
False
Is 371131 a prime number?
True
Is 8088791 prime?
True
Is 57880133 a composite number?
True
Is 204455569 a composite number?
True
Is 141793 a composite number?
False
Is 382954151 a prime number?
True
Is 5574631 a prime number?
True
Is 4113809 a composite number?
True
Is 36107867 prime?
True
Is 51899597 prime?
True
Is 149800867 a prime number?
False
Is 237731353 composite?
False
Is 1099669 a composite number?
False
Is 59036611 a prime number?
True
Is 5368289 a prime number?
True
Is 14815999 composite?
True
Is 200077 a prime number?
False
Is 37466761 composite?
False
Is 35290573 composite?
True
Is 278780611 a composite number?
False
Is 7757597 a composite number?
False
Is 1221749 prime?
True
Is 86736983 prime?
True
Is 7990501 prime?
False
Is 54403189 a composite number?
False
Is 3451957 a composite number?
True
Is 192430219 composite?
True
Is 1828412563 composite?
False
Is 21851153 a prime number?
True
Is 14794721 a prime number?
True
Is 988769 a prime number?
False
Is 833057 prime?
True
Is 7592687 a composite number?
True
Is 13302581 a composite number?
False
Is 241292891 prime?
False
Is 18960085 a composite number?
True
Is 12002147 a prime number?
True
Is 19050706 prime?
False
Is 16463287 a prime number?
True
Is 57029947 a composite number?
True
Is 204428093 composite?
False
Is 26432421 a composite number?
True
Is 5895653 a prime number?
False
Is 2526929 prime?
False
Is 10881215 composite?
True
Is 522097657 a composite number?
False
Is 27090851 prime?
True
Is 9453383 a composite number?
False
Is 44642067 composite?
True
Is 30331309 composite?
True
Is 51605185 composite?
True
Is 17003377 a composite number?
True
Is 51940043 a composite number?
False
Is 216354517 a composite number?
False
Is 24259541 a composite number?
False
Is 188331847 a prime number?
False
Is 40802507 a prime number?
False
Is 16941851 prime?
False
Is 65983405 a composite number?
True
Is 1511633 a composite number?
False
Is 138264019 a prime number?
True
Is 10009787 prime?
False
Is 45486659 composite?
False
Is 8320903 a prime number?
True
Is 139703089 composite?
False
Is 15601738 composite?
True
Is 7904161 a prime number?
True
Is 37174507 prime?
False
Is 108219 composite?
True
Is 14239439 prime?
True
Is 97095601 composite?
False
Is 447913 a composite number?
True
Is 74637083 prime?
False
Is 2945851 a prime number?
True
Is 1137749 prime?
True
Is 10313933 a composite number?
True
Is 127899327 a prime number?
False
Is 137571241 a prime number?
False
Is 11425541 a composite number?
True
Is 7603411 prime?
False
Is 26972873 prime?
True
Is 171955051 prime?
False
Is 4283437 composite?
True
Is 117529 composite?
False
Is 39154723 prime?
False
Is 4899197 a composite number?
False
Is 23569027 a prime number?
False
Is 32157053 a prime number?
True
Is 8331473 composite?
False
Is 360982747 prime?
False
Is 173235289 a prime number?
True
Is 37122983 composite?
False
Is 134258309 composite?
False
Is 4929487 prime?
False
Is 22147153 a prime number?
False
Is 741373 prime?
True
Is 270842783 a composite number?
False
Is 25343939 a composite number?
False
Is 23538143 prime?
True
Is 1204003 composite?
False
Is 2400029 composite?
True
Is 3873893 composite?
False
Is 850907 a composite number?
True
Is 43137641 composite?
False
Is 14527